 of 56209575?
False
Does 476 divide 8081528?
True
Does 1295 divide 3477075?
True
Does 8 divide 32526461?
False
Does 2138 divide 544935578?
True
Does 20 divide 2994977654?
False
Is 119181180 a multiple of 10?
True
Is 239103966 a multiple of 1142?
True
Is 1604787032 a multiple of 113?
False
Is 505108309 a multiple of 194?
False
Is 64 a factor of 713088320?
True
Is 10 a factor of 150009815?
False
Is 7774504 a multiple of 718?
True
Does 315 divide 230409834?
False
Is 208 a factor of 5753904?
True
Is 521994330 a multiple of 1170?
True
Is 6394075683 a multiple of 704?
False
Does 710 divide 560470821?
False
Is 556 a factor of 197087034?
False
Does 34 divide 61870739?
False
Does 10 divide 10955888?
False
Is 87946688 a multiple of 64?
True
Is 4 a factor of 2061052?
True
Is 13 a factor of 61732983?
True
Is 60060219 a multiple of 8?
False
Is 2823583 a multiple of 21?
False
Is 11 a factor of 7312376?
False
Does 1725 divide 3379275?
True
Is 5665413208 a multiple of 193?
False
Does 13 divide 325660566?
False
Is 2878886148 a multiple of 51?
True
Is 28 a factor of 24203396?
True
Is 29448426 a multiple of 27?
False
Is 31 a factor of 482963941?
False
Is 24 a factor of 369818568?
True
Is 891759633 a multiple of 2049?
True
Does 1992 divide 42096870?
False
Does 117 divide 1450152756?
True
Does 7 divide 806173433?
False
Is 18347196 a multiple of 61?
False
Does 83 divide 1017689103?
False
Is 71399642 a multiple of 1199?
False
Is 1312 a factor of 68844543?
False
Does 105 divide 829467849?
False
Is 454 a factor of 16698099?
False
Is 521020614 a multiple of 3?
True
Is 797974543 a multiple of 3152?
False
Does 223 divide 57146872?
True
Is 78 a factor of 99916423?
False
Is 167542368 a multiple of 672?
True
Is 119 a factor of 160785259?
False
Does 4823 divide 7982412111?
False
Is 903 a factor of 808796331?
True
Does 333 divide 189750726?
True
Does 542 divide 75885973?
False
Is 135 a factor of 2981171655?
True
Does 778 divide 2976628?
True
Does 1671 divide 388656219?
True
Does 164 divide 129954750?
False
Is 77344736 a multiple of 461?
True
Does 28 divide 26626712?
True
Is 350170226 a multiple of 14?
True
Is 3154968 a multiple of 232?
True
Does 3369 divide 109774508?
False
Is 18 a factor of 21205026?
True
Is 506079960 a multiple of 1140?
False
Is 224913441 a multiple of 328?
False
Does 40 divide 115623756?
False
Does 89 divide 37491161?
True
Is 15606304 a multiple of 56?
True
Is 239 a factor of 108380368?
False
Is 124 a factor of 28909947?
False
Is 38620894 a multiple of 1402?
True
Is 39935174 a multiple of 193?
True
Is 1225 a factor of 29402503?
False
Is 2211 a factor of 32030757?
True
Is 2632 a factor of 26350410?
False
Does 44 divide 8121432?
True
Is 19161828 a multiple of 9?
True
Does 1975 divide 384123675?
True
Is 4 a factor of 271060363?
False
Is 475525386 a multiple of 42?
True
Does 11 divide 124155269?
False
Is 81 a factor of 2829474?
False
Is 14 a factor of 31478266?
False
Is 6 a factor of 516714868?
False
Is 10990189 a multiple of 14?
False
Is 60228026 a multiple of 83?
False
Is 4496 a factor of 1725650224?
True
Does 116 divide 31603852?
True
Does 3 divide 6802878?
True
Is 4288851861 a multiple of 2696?
False
Does 98 divide 429569770?
True
Is 351198996 a multiple of 1038?
True
Is 82818800 a multiple of 788?
True
Is 74948541 a multiple of 15?
False
Is 35 a factor of 123100661?
False
Does 75 divide 20951407?
False
Is 17316013 a multiple of 17?
True
Is 975 a factor of 7280798?
False
Does 26 divide 1130786744?
False
Does 329 divide 42149967?
False
Is 577 a factor of 13599890?
True
Is 383 a factor of 232910291?
False
Is 15148391 a multiple of 11?
False
Does 11 divide 141744286?
False
Is 85 a factor of 17129522?
False
Does 815 divide 80178537?
False
Does 47 divide 3356615637?
False
Is 124392960 a multiple of 32?
True
Is 92869535 a multiple of 7?
False
Does 34 divide 2290243?
False
Is 4808 a factor of 134777856?
True
Is 63 a factor of 4912984?
False
Does 17 divide 3655815?
False
Is 4167 a factor of 866785740?
False
Does 13 divide 119229144?
False
Is 38 a factor of 3285898?
True
Does 352 divide 251972160?
True
Does 18 divide 29638266?
False
Does 2304 divide 236403482?
False
Is 72716024 a multiple of 47?
False
Is 889756416 a multiple of 173?
False
Is 1065671022 a multiple of 8853?
True
Is 9691226 a multiple of 21?
False
Is 59 a factor of 4816540?
False
Does 142 divide 1887322?
True
Is 44657391 a multiple of 31?
True
Does 6 divide 495744?
True
Is 496 a factor of 25707413?
False
Is 2905080870 a multiple of 2267?
False
Does 899 divide 12901549?
True
Does 71 divide 117363710?
True
Is 30531881 a multiple of 17?
True
Does 37 divide 24026601?
False
Is 760 a factor of 648303700?
False
Does 3289 divide 748968261?
False
Is 97649284 even?
True
Is 229 a factor of 30315478?
True
Is 251338898 a multiple of 156?
False
Is 60 a factor of 108582229?
False
Is 225221757 a multiple of 301?
False
Is 51831097 a multiple of 66?
False
Does 22 divide 11886842?
True
Is 28 a factor of 1018017701?
False
Is 19 a factor of 29430715?
True
Does 131 divide 111123147?
False
Is 30421759 a multiple of 1489?
True
Is 167802780 a multiple of 28?
False
Is 669298917 a multiple of 203?
True
Is 105 a factor of 99926634?
False
Is 199 a factor of 171843664?
True
Does 8 divide 1192230567?
False
Is 39 a factor of 65031058?
False
Is 6881622 a multiple of 2463?
True
Is 3787 a factor of 1606377901?
False
Does 468 divide 1727388?
True
Does 742 divide 124111372?
True
Is 26194231 a multiple of 3855?
False
Does 81 divide 103360566?
False
Is 301851063 a multiple of 174?
False
Does 694 divide 2011817168?
True
Does 10 divide 7561354?
False
Does 14 divide 52424056?
False
Is 320795154 a multiple of 81?
True
Is 67542540 a multiple of 2535?
True
Is 38 a factor of 102540334?
False
Does 313 divide 28815491?
False
Is 13 a factor of 4376710949?
True
Does 6480 divide 852588270?
False
Is 124 a factor of 9143512?
True
Is 179 a factor of 107095163?
True
Is 864799046 a multiple of 24?
False
Does 21 divide 375158847?
True
Is 8152966 a multiple of 7?
False
Does 3 divide 958627750?
False
Is 182 a factor of 34860280?
True
Does 4 divide 19630268?
True
Is 38 a factor of 163994558?
False
Is 256685990 a multiple of 3245?
True
Does 40 divide 276328240?
True
Is 1452430172 a multiple of 85?
False
Does 933 divide 65147158?
False
Does 240 divide 583627680?
True
Does 7 divide 124206190?
False
Is 2378746252 a multiple of 21?
False
Is 6181 a factor of 1001637231?
True
Does 12 divide 136039992?
True
Is 8 a factor of 17300904?
True
Does 295 divide 12521201?
False
Does 130 divide 607856600?
True
Is 12535090 a multiple of 11?
False
Is 978107372 a multiple of 4018?
False
Does 37 divide 217050315?
False
Does 322 divide 129423980?
False
Is 8756157 even?
False
Does 44 divide 14326290?
False
Is 756362663 a multiple of 71?
False
Does 4993 divide 146764242?
True
Is 106 a factor of 24865547?
False
Is 341906559 a multiple of 1011?
False
Is 90620985 a multiple of 65?
True
Is 1905 a factor of 52650390?
True
Is 167407717 a multiple of 48?
False
Does 158 divide 1092263?
False
Does 1763 divide 251186951?
True
Is 143 a factor of 4432301874?
True
Is 33 a factor of 195059040?
True
Is 21486516 a multiple of 436?
True
Is 10471687 a multiple of 61?
True
Does 33 divide 444741241?
False
Does 7 divide 873910828?
True
Is 4576 a factor of 485454112?
True
Is 1586577882 a multiple of 15233?
True
Is 38602 a multiple of 2?
True
Is 2678787090 a multiple of 705?
True
Is 171 a factor of 55548153?
True
Is 14280222 a multiple of 815?
False
Does 1466 divide 21566326?
True
Is 544364156 a multiple of 2279?
False
Is 496245844 a multiple of 982?
True
Is 604230665 a multiple of 1315?
True
Is 234 a factor of 25631613?
False
Does 176 divide 19799785?
False
Does 276 divide 3601248?
True
Is 17022964 a multiple of 266?
False
Does 88 divide 73973581?
False
Does 12 divide 4299533274?
False
Is 287 a factor of 98983430?
True
Is 696 a factor of 140438930?
False
Is 982 a factor of 332195564?
False
Is 31168080 a multiple of 292?
True
Is 5435059 a multiple of 1452?
False
Is 431322945 a multiple of 435?
True
Is 883 a factor of 7166313?
False
Is 229 a factor of 6474746?
True
Is 332954430 a multiple of 30?
True
Is 55788810 a multiple of 22?
True
Is 109 a factor of 1866734?
True
Does 166 divide 243365439?
False
Is